 70 and 170485?
35
What is the greatest common factor of 134 and 3366?
2
What is the greatest common divisor of 7965 and 12?
3
Calculate the highest common divisor of 5152 and 7784.
56
What is the highest common divisor of 72 and 81561?
3
What is the highest common divisor of 1899118 and 78?
26
What is the highest common divisor of 10591 and 1266381?
1513
Calculate the highest common factor of 1392544 and 160.
32
What is the highest common divisor of 110 and 17248?
22
What is the greatest common divisor of 7460746 and 2238?
746
What is the highest common divisor of 86 and 561494?
86
Calculate the greatest common divisor of 2339804 and 4.
4
What is the highest common divisor of 2786121 and 13?
13
What is the highest common divisor of 68 and 8075?
17
What is the greatest common factor of 50031 and 1836?
459
Calculate the highest common divisor of 22 and 2959.
11
Calculate the greatest common divisor of 2150 and 5375.
1075
Calculate the greatest common factor of 132868 and 8.
4
Calculate the greatest common factor of 29 and 30479.
29
Calculate the greatest common divisor of 594 and 59778.
54
Calculate the highest common factor of 12779 and 4745.
13
Calculate the greatest common divisor of 155 and 1500245.
155
What is the greatest common divisor of 104 and 673?
1
Calculate the highest common divisor of 3095 and 635.
5
Calculate the highest common factor of 1735 and 715.
5
Calculate the highest common divisor of 205785 and 180.
45
Calculate the greatest common divisor of 180 and 10782.
18
Calculate the greatest common factor of 1364 and 105214.
62
What is the greatest common factor of 6898368 and 1767?
1767
Calculate the greatest common divisor of 4872425 and 465.
155
What is the greatest common divisor of 1650 and 12800?
50
What is the highest common divisor of 2340 and 2610?
90
What is the highest common factor of 12125 and 50?
25
Calculate the highest common factor of 8912 and 544.
16
Calculate the highest common factor of 98 and 443107.
49
Calculate the greatest common factor of 170630 and 113.
113
What is the greatest common factor of 2932052 and 1912?
956
Calculate the highest common factor of 220680 and 1170.
90
Calculate the highest common divisor of 5377 and 2264.
283
What is the highest common divisor of 32814 and 54?
18
Calculate the greatest common divisor of 1892247 and 21.
21
Calculate the greatest common factor of 11802 and 61278.
42
What is the greatest common divisor of 3391767 and 27?
27
What is the highest common divisor of 5 and 33665?
5
Calculate the highest common divisor of 230075 and 65.
5
What is the greatest common divisor of 299242 and 314?
314
Calculate the highest common factor of 1342 and 28792.
122
What is the greatest common divisor of 160 and 1135?
5
What is the greatest common divisor of 8303 and 334647?
361
Calculate the highest common factor of 1921187 and 17.
17
Calculate the greatest common divisor of 5144 and 4.
4
Calculate the highest common divisor of 813 and 42547.
271
What is the highest common divisor of 453 and 186183?
453
What is the greatest common factor of 16849 and 3901?
83
What is the highest common divisor of 496 and 310000?
496
Calculate the greatest common divisor of 24422 and 6.
2
Calculate the highest common divisor of 19848 and 16.
8
Calculate the highest common divisor of 912 and 556377.
57
Calculate the highest common factor of 1728 and 641376.
288
What is the highest common divisor of 1785 and 509235?
255
What is the highest common factor of 5369 and 847?
7
Calculate the greatest common divisor of 20 and 584.
4
What is the highest common factor of 5551 and 413?
7
Calculate the greatest common factor of 945 and 1841.
7
What is the highest common divisor of 3156 and 551774?
526
What is the greatest common factor of 434 and 839573?
217
What is the greatest common divisor of 33 and 8943?
33
Calculate the highest common divisor of 64207 and 2431.
143
What is the highest common divisor of 1119639 and 3?
3
Calculate the greatest common factor of 564165 and 21.
21
Calculate the highest common factor of 247 and 987031.
19
What is the highest common divisor of 11001 and 2109?
57
Calculate the greatest common factor of 4115 and 132503.
823
What is the greatest common divisor of 80437 and 14?
7
What is the highest common divisor of 56 and 1870652?
28
What is the highest common divisor of 2058 and 588?
294
What is the highest common divisor of 367715 and 586?
293
Calculate the greatest common factor of 3672 and 1611.
9
What is the highest common divisor of 75621 and 21?
21
Calculate the highest common divisor of 482638 and 57.
19
Calculate the highest common divisor of 288 and 4632.
24
What is the greatest common factor of 29064 and 3304?
56
Calculate the greatest common factor of 217824 and 160.
32
What is the greatest common factor of 17 and 10429381?
17
Calculate the greatest common divisor of 3600 and 3872.
16
What is the highest common divisor of 11791 and 254867?
907
Calculate the greatest common divisor of 84 and 215264.
28
Calculate the greatest common factor of 129870 and 390.
390
What is the highest common divisor of 458005 and 1977?
659
Calculate the greatest common divisor of 15 and 3919945.
5
Calculate the greatest common divisor of 160 and 114670.
10
Calculate the highest common factor of 316 and 478.
2
Calculate the highest common factor of 34888 and 5390.
98
What is the highest common divisor of 3000 and 5928?
24
Calculate the highest common divisor of 720 and 38088.
72
What is the greatest common divisor of 34 and 272068?
34
What is the greatest common factor of 152 and 12344?
8
What is the greatest common factor of 33631 and 1393?
199
Calculate the greatest common divisor of 4763 and 408319.
433
Calculate the highest common factor of 10 and 221615.
5
Calculate the highest common factor of 308 and 255948.
308
Calculate the greatest common divisor of 597109 and 1835.
367
What is the greatest common divisor of 16278 and 207?
3
Calculate the greatest common factor of 685 and 1599338.
137
What is the greatest common factor of 2501 and 8113?
61
Calculate the highest common divisor of 6480 and 70.
10
Calculate the greatest common divisor of 35 and 132741.
7
What is the greatest common divisor of 585257 and 190?
19
Calculate the highest common divisor of 185 and 188885.
185
What is the highest common factor of 3669694 and 7?
7
What is the greatest common divisor of 263520 and 17385?
915
What is the greatest common factor of 20 and 5276?
4
Calculate the highest common divisor of 3220 and 11960.
460
What is the greatest common divisor of 10263645 and 945?
945
Calculate the highest common divisor of 232 and 13408.
8
What is the highest common factor of 142500 and 228?
228
Calculate the highest common factor of 174 and 97063.
29
Calculate the highest common divisor of 8765 and 597773.
1753
What is the greatest common divisor of 1332 and 1638?
18
Calculate the highest common divisor of 282 and 214038.
282
Calculate the highest common divisor of 3886 and 13802.
134
Calculate the highest common divisor of 57408 and 7696.
208
What is the greatest common factor of 395928 and 14053?
611
Calculate the greatest common factor of 1 and 14939.
1
Calculate the highest common factor of 601115 and 20.
5
What is the greatest common factor of 197301 and 39?
39
What is the highest common divisor of 2192 and 15481?
137
Calculate the highest common divisor of 68 and 1612280.
68
Calculate the highest common factor of 11264 and 1114432.
704
Calculate the greatest common factor of 16854 and 16536.
318
What is the greatest common factor of 2914 and 24614?
62
Calculate the greatest common factor of 74158 and 70.
14
What is the highest common divisor of 636987 and 39?
39
Calculate the highest common factor of 4446 and 2574.
234
Calculate the highest common factor of 16 and 91856.
16
What is the highest common factor of 26348 and 686?
14
What is the highest common factor of 498678 and 1938?
102
What is the highest common divisor of 357 and 404277?
51
Calculate the greatest common divisor of 37618 and 42.
14
Calculate the greatest common factor of 4515 and 29197.
301
Calculate the highest common factor of 226083 and 62.
31
Calculate the greatest common factor of 2689 and 28118873.
2689
What is the highest common divis